st common factor of r and q.
19
Suppose c + 4*c = 5*x - 70, 4*x = 5*c + 56. Calculate the greatest common factor of x and 2.
2
Suppose -4*g + n = 0, -4*g = -0*n - 3*n. Let j be 0/((-1)/(g - -1)). Suppose 5*s - 15 = -j*s. Calculate the highest common divisor of s and 18.
3
Let g be (-12)/(-6) - 1*-2. Calculate the highest common factor of g and 4.
4
Let f = -111 - -187. Calculate the greatest common divisor of f and 19.
19
Let r be (0 + -2)*(-6)/4. Suppose -r*x = 43 - 4. Let i = x - -18. What is the highest common divisor of 35 and i?
5
Let v be 1 + (0 - (-1 + 1)). Let k(b) be the second derivative of 7*b**4/4 - 15*b. Let y be k(v). What is the greatest common divisor of 189 and y?
21
Let i = -5 - -10. Let b be 74/4 + i/(-10). Suppose 2*y + 13 = 49. What is the greatest common factor of y and b?
18
Suppose 4*u = 5*h - 320, -u - 111 - 81 = -3*h. What is the greatest common factor of 160 and h?
32
Let q(m) = -20*m - 5. Let k be q(-2). Let z be 2 - (22/1)/1. Let h = k + z. Calculate the greatest common divisor of h and 15.
15
Let f = 18 + -3. What is the highest common factor of f and 165?
15
Suppose 5*u = 6*u - 15. Suppose -4*k = 3*i - u + 3, -2*i = -3*k + 9. Suppose i = w - 5*w + 64. Calculate the greatest common factor of w and 8.
8
Suppose 3*p = 2*i - 117, 0 = -4*i - 0*i - 5*p + 267. Let o be (32/3)/(7/i). Calculate the highest common factor of 12 and o.
12
Suppose -p = 3*x - 63 - 15, 2*x = -2*p + 148. Let y be 9 + -2*1/2. Calculate the greatest common factor of p and y.
8
Suppose -154 = -5*n - 2*k, 5*n = -4*k - 37 + 195. Let i be 20/(-6)*(-324)/n. Let t be (1/2)/(2/48). What is the highest common divisor of t and i?
12
Let l(w) = 22*w - 2. Let h be l(-2). Let m = 78 - h. Let t = m + -85. Calculate the highest common factor of t and 26.
13
Let r(p) = -p**3 + 11*p**2 + p - 10. Let x be r(11). What is the greatest common divisor of x and 1?
1
Let i(k) = 3*k**2 - 3*k + 4. Let u be i(3). Suppose 0 = -o - 2*j - 0*j - 87, -2*o - 199 = -j. Let v = -42 - o. Calculate the highest common factor of v and u.
11
Suppose m + 3 = -2*a, -3*m + 5*m = -2. Let v be 2/3*(a - -10). Let b(t) = 2*t**2 - 3*t + 4. Let z be b(2). What is the greatest common divisor of v and z?
6
Let c(l) = -82*l + 2. Let q be c(-1). Calculate the highest common factor of 12 and q.
12
Let z(u) = 15*u - 9. Let h be z(3). Calculate the highest common factor of 54 and h.
18
Suppose 0 = 4*j - 70 + 6. Suppose -5*w + w = -64. Calculate the greatest common divisor of j and w.
16
Let r(b) = 3*b + 21. Let v be r(8). Suppose -63 = -5*q - 3*a, 0 = 2*q - a - 4 - 30. What is the highest common divisor of v and q?
15
Let y = 21 - 5. Suppose 0 = -3*c + q + 97, 0 = -5*q - 5. Calculate the highest common factor of c and y.
16
Suppose -y - 2*y = -12. Suppose y*r + s = -r + 198, s = -4*r + 158. Let n be ((-10)/4)/((-2)/4). What is the highest common divisor of r and n?
5
Let i(s) = s**3 + 7*s**2 + 2*s - 6. Let x(r) = r**2 + 10*r + 3. Let o be x(-9). Let c be i(o). Calculate the greatest common divisor of 54 and c.
18
Let n = 40 + -12. What is the highest common factor of n and 112?
28
Suppose 2*h = -r + 15, -h + 5*r - 5 = 4. Calculate the highest common factor of h and 42.
6
Suppose -2*x + 32 + 12 = 0. Suppose 4*w + 5*m = 415, 4*w - 125 = 3*w + 3*m. Calculate the highest common factor of x and w.
22
Let k(d) = -4*d - 3. Let a be k(-3). Let m = -4 - -85. What is the greatest common factor of a and m?
9
Let y be ((-508)/(-2))/(-2)*1. Let s = y - -187. Let o = -719 + 739. What is the greatest common factor of s and o?
20
Suppose 406*p + 170 = 411*p. Calculate the highest common factor of p and 272.
34
Let m = 128 + -68. What is the greatest common divisor of m and 90?
30
Suppose 3*x + 6*x = 1872. What is the highest common divisor of 26 and x?
26
Suppose -2*h = 3*p - 47 - 13, p - 25 = h. Calculate the greatest common divisor of 44 and p.
22
Let z be -2 + -2 + 8 - -1. Suppose 2*x = -z*t + 135, x - 5*x = t - 243. Let h = x - 18. What is the highest common factor of 6 and h?
6
Let b be (2/(-5))/(((-3)/405)/1). Calculate the greatest common divisor of 6 and b.
6
Let z(x) be the second derivative of -x**5/20 - x**4/6 + x**3/3 - 2*x**2 + x. Let k be z(-5). Let l = 2 + k. What is the greatest common factor of l and 42?
21
Let d(o) = -o**2 - 5*o + 8. Let m be d(-5). Let i = 15 - 10. Suppose i = 3*q + 2*q, 4*q = 4*u - 252. What is the greatest common divisor of m and u?
8
Let q = 23 + 2. What is the highest common divisor of q and 5?
5
Let r(i) = 18*i + 2. Let k be r(-2). Let f = -18 - k. Let m be ((-4)/3)/(1/(-18)). What is the greatest common factor of m and f?
8
Let v(n) = -2*n**3 + 3*n**2 - 2*n. Let c be v(-3). Suppose 355 = 3*k + 4*r + c, -3*r - 156 = -2*k. Calculate the greatest common factor of k and 12.
12
Let z be (36/14)/((-15)/(-105)). Calculate the highest common divisor of z and 45.
9
Suppose 6*i = 4*i + 144. Let n = -60 + 86. Let k = n + -17. Calculate the greatest common factor of i and k.
9
Suppose -3*v + 103 = 31. Calculate the highest common divisor of v and 12.
12
Let s be 1/(-5) - (-1144)/20. Let f = 87 - s. Suppose 3*u - 219 + f = 0. What is the highest common divisor of u and 7?
7
Let a(d) = d - 1. Let i be a(5). Suppose 2*s = u + i, 8 + 17 = 5*s + 5*u. Let v = -2 + s. What is the highest common divisor of 9 and v?
1
Let d(r) = 6*r + 2. Let c(w) = 17*w + 6. Let s(y) = 3*c(y) - 8*d(y). Let x be s(6). Suppose 10 = j - 0*j. Calculate the greatest common factor of j and x.
10
Suppose 3*k = 3*f - 156 + 6, 0 = -4*f - k + 190. What is the highest common factor of f and 24?
24
Suppose -7*s = -233 + 2. Calculate the greatest common factor of s and 3.
3
Suppose -2*z - 4*m + 16 = 0, 8 = 3*m - 1. Suppose -158 = -4*c - 4*q - 2, -2*c + z*q + 66 = 0. What is the greatest common divisor of 12 and c?
12
Let d(n) = n + 28. Let v be d(-23). Let g(q) = -q**3 - q**2 + 5. Let b be g(0). Calculate the highest common factor of v and b.
5
Let x(r) = 40 + 3*r - 22 - 2. Let s be x(8). Calculate the greatest common factor of s and 5.
5
Suppose 3*i = 2*r - 17 - 8, 4*i + 52 = 5*r. What is the highest common factor of r and 64?
8
Let f(u) = -2*u + 2. Let v be f(-2). Let t be (4/(-6))/((-5)/(-90)). Let x be (-32)/t - 1/(-3). Calculate the greatest common factor of v and x.
3
Suppose 0 = 5*m - 3*x + x - 996, -3*x + 387 = 2*m. Calculate the greatest common factor of m and 44.
22
Let v(d) = -2*d**3 - 4*d**2 + d + 3. Suppose -5*w - 16 + 1 = 0. Let t be v(w). What is the highest common divisor of t and 18?
18
Suppose -3*v - 2 + 8 = 0. Suppose -v*l + 3*l = 126. Let a = 157 + -143. What is the greatest common divisor of l and a?
14
Suppose 0 = -3*y + 5*t + 37, t = y - 6*y + 15. Suppose -2*d + 1 = -7. Calculate the greatest common divisor of d and y.
4
Suppose 0 = -b - 2*c + 66, b + 3*c - 36 = 33. Suppose -7*f + b = -129. Calculate the highest common divisor of f and 54.
27
Let v(a) = a**2 - 7*a + 6. Suppose -m = -0*m - 6. Let d be v(m). Suppose 34 = h - d*h. Calculate the greatest common divisor of 17 and h.
17
Suppose -2*z + t + 43 = 3*z, 23 = z - 5*t. What is the highest common factor of z and 1?
1
Suppose 5*s = 6*s - 9. Let a be (-1 - -1 - 2) + 20. Let i be 644/a + 2/9. Calculate the greatest common divisor of s and i.
9
Suppose 3*t + 2*b = 2*t + 78, -3*t = -3*b - 261. Suppose -2*j + 9 + 15 = 0. Calculate the highest common divisor of t and j.
12
Let p be (1*(-45)/3)/(-1). What is the highest common factor of 5 and p?
5
Let l = 85 - 66. Calculate the greatest common divisor of 152 and l.
19
Let n = -25 + 45. What is the highest common factor of n and 30?
10
Let t = -65 - -145. What is the greatest common factor of t and 5?
5
Suppose 2*q + 5 = 15. Let x(f) = 22*f + 0 - 1 + 4 - q. Let n be x(2). Calculate the greatest common divisor of n and 6.
6
Suppose 0 = -3*p - 0*p + 9. Suppose -2*b + 30 = 3*b - 2*v, p*b = -4*v + 18. Suppose 6 = b*g - 4*g. What is the greatest common factor of 12 and g?
3
Let p(u) = -u**3 + 5*u**2 - 2*u + 4. Let h be (4/3)/((-5)/(-15)). Let o be p(h). Calculate the highest common factor of o and 6.
6
Let z be (-1 + 1 + -1)/((-6)/84). Calculate the highest common factor of 42 and z.
14
Let x be 572/6 + (-20)/(-30). Calculate the highest common factor of 12 and x.
12
Suppose 4*f + 10 = -3*u + 71, f - 67 = -3*